Calculate the highest common divisor of 878864 and 144011.
49
What is the highest common divisor of 377406 and 34278?
174
What is the highest common divisor of 204800 and 43248?
16
What is the highest common factor of 13660920 and 35?
35
What is the highest common factor of 57456632 and 3352?
3352
What is the highest common factor of 25195665 and 18?
3
Calculate the highest common factor of 300 and 14040775.
25
What is the highest common divisor of 459 and 5484438?
153
Calculate the greatest common divisor of 15808 and 19951672.
1976
What is the greatest common factor of 219661974 and 1204?
602
What is the greatest common factor of 186872 and 50197?
497
What is the highest common divisor of 19 and 81054304?
19
What is the greatest common divisor of 123876 and 154216?
148
Calculate the greatest common divisor of 3776562 and 306.
18
What is the greatest common divisor of 97 and 4285101100?
97
Calculate the highest common factor of 14895287 and 9808.
613
What is the greatest common factor of 247 and 31022459?
247
Calculate the highest common factor of 149851 and 11908.
13
What is the greatest common divisor of 5589 and 40457529?
621
What is the highest common factor of 1896252 and 13166?
58
Calculate the highest common divisor of 25164 and 26637492.
2796
What is the greatest common divisor of 27060916 and 6176?
772
What is the highest common divisor of 3526073 and 2414?
71
What is the highest common divisor of 5 and 128095685?
5
What is the greatest common divisor of 3776 and 2718008?
8
What is the highest common factor of 135 and 587805705?
45
Calculate the highest common divisor of 160518681 and 50739.
3903
Calculate the greatest common factor of 4437 and 227679.
87
Calculate the highest common factor of 11297275 and 495.
55
What is the greatest common divisor of 540168 and 54?
6
What is the greatest common divisor of 798 and 1611003?
3
What is the highest common factor of 5679343 and 160235?
439
What is the greatest common factor of 1438396363 and 4006?
2003
Calculate the greatest common divisor of 39820615 and 49258.
2239
Calculate the highest common divisor of 4085 and 141946397.
817
Calculate the highest common factor of 3173337 and 2187.
2187
What is the greatest common divisor of 2889 and 48924?
27
Calculate the highest common factor of 7968253 and 118432.
3701
Calculate the greatest common divisor of 1690 and 370955.
845
Calculate the highest common factor of 9885 and 251279995.
3295
What is the highest common divisor of 48 and 11124208?
16
Calculate the greatest common divisor of 58083674 and 88.
22
What is the greatest common divisor of 5531142 and 433?
433
Calculate the highest common factor of 105 and 160116600.
105
What is the highest common factor of 3270753 and 441?
9
Calculate the highest common divisor of 16586457 and 93.
93
What is the greatest common factor of 19008 and 590634?
198
What is the highest common divisor of 69017566 and 1658?
1658
Calculate the greatest common divisor of 1170432 and 69723.
1143
Calculate the highest common factor of 121705 and 147460.
505
Calculate the greatest common factor of 91 and 507563.
7
What is the greatest common factor of 46 and 2735886041?
23
What is the greatest common divisor of 50766135 and 270?
15
Calculate the greatest common divisor of 4557 and 7371119.
49
What is the greatest common factor of 68373760 and 256?
256
What is the greatest common factor of 814336 and 2885167?
3181
What is the highest common factor of 3176 and 6335326?
794
What is the greatest common factor of 156757 and 3196?
17
What is the greatest common divisor of 540550 and 370690?
190
Calculate the highest common factor of 140 and 14178416.
28
What is the highest common divisor of 13646510 and 470?
10
Calculate the highest common factor of 91668 and 18.
6
Calculate the greatest common divisor of 12 and 406885608.
12
Calculate the highest common divisor of 78402 and 747.
3
What is the highest common factor of 31318 and 242690?
14
Calculate the highest common factor of 44354 and 1542474.
134
Calculate the highest common divisor of 333 and 8230689.
9
Calculate the greatest common factor of 28 and 18710188.
28
Calculate the greatest common divisor of 4532 and 1072324.
44
Calculate the greatest common divisor of 5838684 and 144.
12
What is the greatest common factor of 17750 and 949090?
10
What is the highest common factor of 594635002 and 52?
26
Calculate the greatest common factor of 79352 and 201019.
91
Calculate the greatest common divisor of 3564 and 51502.
22
Calculate the greatest common divisor of 2085503 and 448.
7
What is the greatest common divisor of 259 and 9829505?
7
What is the greatest common divisor of 40176 and 279744?
1488
Calculate the highest common factor of 558 and 39896256.
186
Calculate the greatest common divisor of 35028 and 8793.
9
What is the highest common divisor of 29498 and 59?
1
Calculate the highest common divisor of 13207421 and 763.
109
Calculate the greatest common factor of 2669 and 3986387.
157
What is the greatest common divisor of 23055655 and 14875?
595
What is the greatest common factor of 299608 and 18?
2
What is the greatest common divisor of 19335017 and 172029?
5213
What is the highest common divisor of 23194542 and 5880?
294
Calculate the greatest common divisor of 992976 and 1010512.
2192
Calculate the highest common divisor of 227656 and 2786.
398
Calculate the highest common factor of 825066 and 5170.
22
What is the greatest common factor of 2018874 and 3432?
858
What is the greatest common factor of 53385746 and 74?
74
What is the greatest common divisor of 447795 and 13095?
135
Calculate the highest common divisor of 250686718 and 2.
2
What is the highest common factor of 31222455 and 1445?
85
Calculate the greatest common divisor of 933645804 and 804.
804
Calculate the highest common divisor of 2150 and 4677110.
430
What is the highest common divisor of 2476460 and 2716?
28
Calculate the highest common divisor of 119049 and 285.
3
What is the highest common divisor of 942 and 81828?
6
What is the greatest common factor of 1611 and 384354?
9
What is the highest common factor of 22318548 and 17157?
903
Calculate the highest common factor of 21785730 and 18.
6
Calculate the greatest common factor of 585 and 745355.
65
Calculate the highest common divisor of 1197 and 5597039.
133
Calculate the greatest common factor of 285572 and 64092.
196
Calculate the greatest common factor of 3966 and 5100937.
661
Calculate the highest common factor of 3350 and 1189868075.
1675
What is the greatest common factor of 17924380 and 1640?
820
Calculate the highest common divisor of 2959 and 4107906.
11
What is the highest common divisor of 8076659574 and 1938?
1938
What is the greatest common divisor of 197988 and 1428?
84
What is the highest common divisor of 54117363 and 240288?
7509
Calculate the greatest common factor of 280 and 1267070.
70
Calculate the highest common factor of 14501583 and 62.
31
What is the highest common divisor of 39008725 and 140?
35
Calculate the greatest common factor of 563944 and 97654.
314
What is the greatest common factor of 89395726 and 812?
14
Calculate the greatest common divisor of 195659549 and 551.
551
What is the greatest common divisor of 6 and 105478389?
3
What is the highest common divisor of 19172355 and 438?
219
Calculate the greatest common divisor of 59250 and 92904.
474
What is the highest common divisor of 371758933 and 24843?
8281
Calculate the greatest common factor of 196756098 and 21.
21
Calculate the highest common factor of 890067 and 24516.
681
What is the highest common divisor of 1939301 and 726895?
2743
Calculate the highest common factor of 986 and 36051350.
58
Calculate the highest common divisor of 89162 and 147150.
218
What is the greatest common factor of 6581 and 395?
1
Calculate the highest common divisor of 7950314 and 8426.
766
What is the highest common factor of 75048 and 2158054?
106
Calculate the highest common factor of 230102 and 306058.
2234
Calculate the highest common divisor of 5785202 and 8.
2
What is the greatest common factor of 770 and 70103726?
154
What is the highest common divisor of 169464 and 52732776?
7368
Calculate the greatest common divisor of 1805 and 32600.
5
Calculate the highest common d